{"id":67,"date":"2015-05-28T22:37:40","date_gmt":"2015-05-28T20:37:40","guid":{"rendered":"http:\/\/neumai02.bn-paf.de\/esperanto\/?page_id=67"},"modified":"2016-03-05T12:15:25","modified_gmt":"2016-03-05T11:15:25","slug":"gewinnspiel","status":"publish","type":"page","link":"https:\/\/espera01.bn-paf.de\/?page_id=67","title":{"rendered":"Gewinnspiel"},"content":{"rendered":"<p>Wir freuen uns, dass du unsere Seite besucht hast und wir hoffen, du hast interessante Erkenntnisse gewonnen.<\/p>\n<p><strong>Du kannst noch mehr gewinnen!<\/strong><\/p>\n<ul>\n<li>Einen Gutschein \u00fcber 10 Euro f\u00fcr den &#8222;Eine Welt Laden&#8220; in Pfaffenhofen.<\/li>\n<li>Einen Gutschein \u00fcber 10 Euro in der Eisdiele.<\/li>\n<li>10 Tafeln Ritter Sport Schokolade.<\/li>\n<li>Ein Esperanto T-Shirt.<\/li>\n<\/ul>\n<p><strong>Deine Chance bei diesem Gewinnspiel tats\u00e4chlich etwas zu gewinnen, ist ziemlich gro\u00df!<\/strong><\/p>\n<p><a href=\"https:\/\/espera01.bn-paf.de\/wp-content\/uploads\/2015\/05\/canstockphoto13893489.jpg\" rel=\"attachment wp-att-711\"><img loading=\"lazy\" class=\"alignright wp-image-711 size-medium\" src=\"https:\/\/espera01.bn-paf.de\/wp-content\/uploads\/2015\/05\/canstockphoto13893489-300x287.jpg\" alt=\"canstockphoto13893489\" width=\"300\" height=\"287\" srcset=\"https:\/\/www.esperantopfaffenhofen.de\/wp-content\/uploads\/2015\/05\/canstockphoto13893489-300x287.jpg 300w, https:\/\/www.esperantopfaffenhofen.de\/wp-content\/uploads\/2015\/05\/canstockphoto13893489-768x735.jpg 768w, https:\/\/www.esperantopfaffenhofen.de\/wp-content\/uploads\/2015\/05\/canstockphoto13893489.jpg 800w\" sizes=\"(max-width: 300px) 100vw, 300px\" \/><\/a>Beantworte folgende Fragen.<\/p>\n<p><span style=\"text-decoration: underline;\">Frage 1: Wer hat&#8217;s erfunden?<\/span><br \/>\na) Dr.Ludwig Zamenhof<br \/>\nb) Christoph Kolumbus<br \/>\nc) Johann Martin Schleyer<\/p>\n<p><span style=\"text-decoration: underline;\">Frage 2: Was hei\u00dft Esperanto?<\/span><br \/>\na) ein Tr\u00e4umer<br \/>\nb) ein Hoffender<br \/>\nc) ein Sprecher<\/p>\n<p><span style=\"text-decoration: underline;\">Frage 3: Was hei\u00dft &#8222;belega&#8220; auf Deutsch?<\/span><br \/>\na) Beleg<br \/>\nb) wundersch\u00f6n<br \/>\nc) bellen<br \/>\nHinweise zur L\u00f6sung dieser Frage unter &#8222;sprechen lernen&#8220; und &#8222;hineinschnuppern&#8220;<\/p>\n<p><span style=\"text-decoration: underline;\">Frage 4: Wo wird Esperanto gesprochen?<\/span><br \/>\na) in Europa<br \/>\nb) im Geheimen<br \/>\nc) auf allen Kontinenten<\/p>\n<p><span style=\"text-decoration: underline;\">Frage 5: Was willst du gewinnen?<\/span><br \/>\na) Ein Esperanto-T-shirt<br \/>\nb) einen Gutschein f\u00fcr die Eisdiele<br \/>\nc) 10 Tafeln &#8222;Ritter Sport Schokolade&#8220;<br \/>\nd) einen Gutschein f\u00fcr den Eine-Welt-Laden<\/p>\n<p>Maile die L\u00f6sung mit dem Betreff &#8222;Esperanto Gewinnspiel&#8220; an <a href=\"javascript:;\" data-enc-email=\"whqvgu.arhznve[at]oa-cns.qr\" class=\"mail-link\" data-wpel-link=\"ignore\">Gustav<\/a><br \/>\nBeim jeweils n\u00e4chsten Jahrestreffen werden die Gewinne unter den richtigen Antwort-Mails verlost. Clubmitglieder d\u00fcrfen nicht mitmachen. Der Rechtsweg ist ausgeschlossen usw&#8230;<\/p>\n<p>Wenn deine Antworten richtig sind, werden wir dich zum n\u00e4chsten Jahrestreffen einladen und du kannst die Verlosung selbst erleben! Bist du nicht bei der Verlosung da, wirst du per Mail benachrichtigt, wenn du gewonnen hast und der Gewinn wird dir zugeschickt.<br \/>\n<strong>Viel Gl\u00fcck!<\/strong><\/p>\n<hr \/>\n<p><em>Bild: nastia1983, 2013-05-06<\/em><\/p>\n","protected":false},"excerpt":{"rendered":"<p>Wir freuen uns, dass du unsere Seite besucht hast und wir hoffen, du hast interessante Erkenntnisse gewonnen. Du kannst noch mehr gewinnen! Einen Gutschein \u00fcber 10 Euro f\u00fcr den &#8222;Eine Welt Laden&#8220; in Pfaffenhofen. Einen Gutschein \u00fcber 10 Euro in &hellip; <a href=\"https:\/\/espera01.bn-paf.de\/?page_id=67\">Weiterlesen <span class=\"meta-nav\">&rarr;<\/span><\/a><\/p>\n","protected":false},"author":1,"featured_media":0,"parent":0,"menu_order":0,"comment_status":"closed","ping_status":"open","template":"","meta":[],"_links":{"self":[{"href":"https:\/\/espera01.bn-paf.de\/index.php?rest_route=\/wp\/v2\/pages\/67"}],"collection":[{"href":"https:\/\/espera01.bn-paf.de\/index.php?rest_route=\/wp\/v2\/pages"}],"about":[{"href":"https:\/\/espera01.bn-paf.de\/index.php?rest_route=\/wp\/v2\/types\/page"}],"author":[{"embeddable":true,"href":"https:\/\/espera01.bn-paf.de\/index.php?rest_route=\/wp\/v2\/users\/1"}],"replies":[{"embeddable":true,"href":"https:\/\/espera01.bn-paf.de\/index.php?rest_route=%2Fwp%2Fv2%2Fcomments&post=67"}],"version-history":[{"count":21,"href":"https:\/\/espera01.bn-paf.de\/index.php?rest_route=\/wp\/v2\/pages\/67\/revisions"}],"predecessor-version":[{"id":734,"href":"https:\/\/espera01.bn-paf.de\/index.php?rest_route=\/wp\/v2\/pages\/67\/revisions\/734"}],"wp:attachment":[{"href":"https:\/\/espera01.bn-paf.de\/index.php?rest_route=%2Fwp%2Fv2%2Fmedia&parent=67"}],"curies":[{"name":"wp","href":"https:\/\/api.w.org\/{rel}","templated":true}]}}